 4*c**2 - 10*c + 20. Let d be t(-6). What is the highest common factor of 104 and d?
8
Let r be ((-1)/4)/((-7)/56). Suppose -r*z = -4, -2*p + z = p - 43. Suppose -82 - 158 = -4*o. What is the greatest common divisor of o and p?
15
Let n = -90 - -150. Calculate the highest common divisor of n and 12.
12
Let g(d) = 2*d**2 - 3*d + 105. Let n be g(0). What is the greatest common factor of 42 and n?
21
Suppose 10*x - 350 = 12*x. Suppose -k = k + 174. Let s = k - x. What is the greatest common divisor of 8 and s?
8
Let a be (8/6)/(3/135). Suppose 4*t = -n, -2*t - 8 = 2. Calculate the greatest common divisor of n and a.
20
Let l = 29 + -4. Suppose 44*n - 37*n = 1225. What is the highest common divisor of n and l?
25
Let g be 1*86/(-6)*-3. Let k = -35 - g. Let y = -34 - k. Calculate the greatest common divisor of y and 11.
11
Let g = -115 - -211. What is the greatest common factor of g and 12?
12
Let k(v) be the first derivative of v**4/4 - 4*v**3/3 + v**2/2 - v + 1. Let w be k(4). Suppose -i + w = 2*i. What is the greatest common factor of 7 and i?
1
Suppose 0 = 3*t - 4*b - 106, 2*t - 5*b - 54 = 26. Suppose -14 = -4*o + t. Calculate the highest common divisor of 99 and o.
11
Suppose 2*c - 3 = 7. Suppose 4*i - c = 47. What is the highest common factor of 52 and i?
13
Let g(i) = 4*i**3 + 4*i**2 + i - 9. Let y be g(4). What is the highest common divisor of 35 and y?
35
Let g be 72/5 + (-4)/10. Suppose -11 + g = i. What is the greatest common divisor of i and 15?
3
Let i(x) = -x**2 + 8*x + 10. Let b be i(8). Calculate the highest common divisor of 10 and b.
10
Let h(x) be the first derivative of x**2 - 5*x + 1. Let k be h(8). What is the greatest common divisor of k and 44?
11
Let x be ((-1)/2)/((-2)/4). Suppose a - x - 1 = 0. Let c be (-5 - -3)/(a/(-5)). Calculate the highest common divisor of c and 25.
5
Suppose -3*w = y + 59, 0 = 2*y - 4 + 2. Let s be (w/15)/(2/(-21)). Calculate the highest common divisor of 21 and s.
7
Let h = -12 - -11. Let d be -4*h/((-12)/(-81)). Calculate the highest common factor of 3 and d.
3
Let k be (108/45)/((-1)/(-20)). What is the greatest common factor of k and 16?
16
Let t(i) = i**2 - 8*i - 3. Let d be t(11). Suppose 0 = 4*y - h - d, 1 + 3 = 2*h. Calculate the greatest common factor of y and 8.
8
Let a(u) = -1. Let x(q) = -4*q**2 + 8. Let z(f) = -8*a(f) - x(f). Let p be z(4). Let v be (-2)/(p/(-30) - -2). Calculate the highest common factor of v and 3.
3
Let k be (-3 + 5 + -14)/(3/(-4)). Calculate the greatest common factor of 144 and k.
16
Let t = -8 - -26. Suppose t = l + 4. Let x(g) = -57*g - 2. Let n be x(-2). Calculate the greatest common factor of l and n.
14
Let p = 497 - 200. What is the greatest common divisor of 27 and p?
27
Suppose 0 = 2*b + b + 2*s - 94, -5*b = -5*s - 190. Calculate the highest common divisor of b and 17.
17
Let f = 6 + -3. Let g be 3/(1/4*f). Let w be 55/1*36/45. What is the highest common divisor of g and w?
4
Let d = -4 - -6. What is the highest common divisor of 22 and d?
2
Let q be (-1)/((22/16)/(-11)). What is the greatest common divisor of q and 120?
8
Suppose 0 = -f + 2*p - p + 229, 0 = 4*f - 5*p - 921. Let s = -45 + 73. Calculate the greatest common factor of s and f.
28
Let x = 37 - 28. What is the highest common factor of 72 and x?
9
Let k(s) = s**3 - 8*s**2 + 4*s + 8. Let r be k(7). Let f = r - -32. Let o = f - 7. What is the highest common divisor of o and 108?
12
Let x = 23 - -16. Calculate the greatest common divisor of x and 13.
13
Suppose -2*u + 82 = -26. Suppose 2*x - 10 - u = 5*w, -3*x + 3*w + 78 = 0. Let d be (-3 - -2)*2 + (-5 - -18). Calculate the highest common divisor of d and x.
11
Let y be ((-2 - -8)*-1)/(-2). Suppose 2*v - 14 = 4*m, y*v + 4*m = 54 + 7. Calculate the highest common factor of v and 75.
15
Let a(q) = q**3 - 8*q**2 - 4*q - 3. Let i be a(9). Let f be 484/10 + (-4)/10. Suppose 3*j = f + i. Calculate the highest common divisor of 10 and j.
10
Suppose 211*h = 213*h - 264. What is the greatest common divisor of 33 and h?
33
Let f(b) = -11*b - 7. Let z be f(-6). Suppose z = k - 13. Let p = k + -26. What is the greatest common factor of 115 and p?
23
Let f(n) = -n**2 - n + 6. Let g = -16 + 16. Let p be f(g). What is the greatest common factor of p and 4?
2
Suppose -3*f = -5*m + m + 241, 4*f - 20 = 0. What is the highest common divisor of 16 and m?
16
Suppose 2*x = -2*x. Suppose -377 = -2*s - 5*w, s = -3*w + 113 + 74. Suppose x = -5*q + 3*q + s. What is the highest common factor of q and 14?
14
Let l be -2*(-1 + 6 + -9). What is the greatest common factor of l and 96?
8
Suppose -5 = k + 28. Let a = k + 61. Calculate the greatest common factor of a and 4.
4
Let x = 91 - 65. Calculate the greatest common factor of 65 and x.
13
Suppose -2*c = -p - 6, 4*p + 16 = 5*c + 7. Suppose -1 = -j, -p*y + 13 = -3*y - 3*j. What is the greatest common factor of y and 32?
16
Suppose -3*m + 24 = 750. Let n be m*(2 - (1 + 2)). Calculate the highest common divisor of 22 and n.
22
Let l(k) = -k**3 - 7*k**2 - 9*k - 3. Let x be l(-7). Suppose g = -4*g + 60. What is the highest common factor of g and x?
12
Let f(i) = -13*i - 7. Let y be f(-4). What is the highest common factor of 18 and y?
9
Let s = 4 + 0. Suppose 2*t = -8, 1 = 5*u - 5*t - 4. Let b be (14/u + -2)*-3. Calculate the greatest common factor of s and b.
4
Let y(f) be the second derivative of 11*f**4/12 - f**3 - f**2 + f. Let z be y(-4). Suppose 3*c - 3 = 51. Calculate the highest common divisor of c and z.
18
Let t = 88 + -87. What is the highest common factor of 11 and t?
1
Suppose 0 = 3*b - 87 - 6. Calculate the highest common divisor of 217 and b.
31
Suppose 0 = -u - 4*m - 10 + 36, -34 = -5*u + 4*m. Calculate the greatest common divisor of u and 50.
10
Suppose -4*a - a = -10. Let r be a*(4 + (0 - 1)). Let h = 0 + 18. Calculate the highest common divisor of h and r.
6
Let u be 3/(-2)*10/(-3). Suppose -5*s = -3*q - 3, 6 = u*s - 5*q + 1. Suppose s*y = -y + 8. What is the highest common factor of 88 and y?
8
Suppose -5*z = p - 147, p - 3*z = 16 + 107. Calculate the greatest common factor of p and 12.
12
Let y(m) be the first derivative of 4*m**3 - m**2/2 - 1. Let x be y(1). What is the highest common divisor of x and 33?
11
Let s be 0/((-3)/(-2 + -1)). Suppose -2*m + 4*m - 22 = s. Calculate the greatest common divisor of m and 1.
1
Let r = 22 + 1. Suppose 19 = 4*h + 2*s - 9, r = 3*h + 2*s. Let w = -66 - -111. What is the highest common divisor of h and w?
5
Let d = -6 - 2. Let p = d - 42. Let b be p/(-1) - (2 + -2). Calculate the highest common divisor of b and 10.
10
Let n = 12 + -5. Let x = -45 - -111. Suppose -x = -y + 2*t, y = -3*y - 4*t + 204. What is the highest common divisor of n and y?
7
Let c = 56 + -32. Suppose 5*k - 50 = -2*p, 136 = 2*p + 2*p + k. Let a = p - c. Calculate the greatest common divisor of 22 and a.
11
Suppose 0 = 3*t + 2*x + 2*x - 47, -3*t - x = -32. What is the highest common divisor of 9 and t?
9
Let j(h) = 3*h**2 + 7*h. Let v = -2 + -3. Let q be j(v). What is the highest common factor of q and 16?
8
Let d(j) = 2*j + 14. Let v be d(12). Let m = v - 24. Let u(w) = -42*w. Let i be u(-3). What is the greatest common divisor of m and i?
14
Let k be 4/(-16) - (-282)/8. Suppose 3*g + 100 = -0*g - 5*i, -g - 3*i - 40 = 0. Let y = k + g. What is the greatest common divisor of 2 and y?
2
Let u = -6 + 14. Let n(l) = -l**3 + 9*l**2 - 7*l - 5. Let y be n(u). Let o be (0 + (-5)/(-15))*63. What is the highest common factor of o and y?
3
Let w be (-10)/(-8) + (-9)/(-12). Let c = 38 - w. Let r be (-4)/(-18) + 1612/c. What is the highest common factor of 18 and r?
9
Let h(z) = -8*z - 7. Let g be h(-2). What is the highest common divisor of g and 99?
9
Suppose q = 7 + 118. Calculate the greatest common factor of 25 and q.
25
Let r be 1/(10/4 + -2). Let c = r + 0. Suppose -c*i - 3*i + 70 = 0. Calculate the greatest common divisor of i and 154.
14
Let f be (-6)/1*25/(-2). Suppose f = -2*t + 411. What is the greatest common divisor of t and 24?
24
Let f be 6/14 + (-39)/(-7) + -4. Calculate the highest common divisor of 4 and f.
2
Let h(j) = j**2 + 10*j + 17. Let x be h(-11). Calculate the greatest common factor of x and 42.
14
Suppose 5*j + 0*j = 70. Let w = -6 + j. Let r be (-1 - (0 - -1))*-44. What is the highest